aluate (24 - (2 - -19)) + 0 + -2 + -35.
-34
(-272 - -161) + 79 - (-2 - 0)
-30
Evaluate (26 - 25) + (142 - 67).
76
Evaluate 105 - (66 + (-21 - -36)).
24
Evaluate (29 - 16 - 26) + 17 + 6 + 38.
48
Calculate -68 - -5 - (-41 + 50).
-72
20 + -5 - ((-5 - -41) + 48)
-69
Calculate 2 + 12 + 0 - (249 + (-144 - 41)).
-50
(72 - 21) + 67 - 54
64
What is 2 + (-76 - -98) + -21 + 4 + 4 + 111?
122
Calculate 120 - (-13 + -7 - -10 - (-8 + (11 - 8))).
125
251 + -163 + (84 - 38)
134
-17 - -56 - (-109 + 177)
-29
What is -9 - ((-34 + 18 - -9) + 11 + -7)?
-6
(15 + -49 - (-15 + -6)) + (-1 - -13)
-1
What is 7 + -1 + (-8 - (-10 + 13) - 16 - 28)?
-49
What is the value of -5 - (-7 + 11 - 8) - (-50 + 27 - -13)?
9
What is -18 - ((688 - 657) + 0 + -8)?
-41
23 - (-5 - (53 + 80 + -36))
125
Evaluate 5 + -81 + (23 - -1 - (219 + -207)) + 11.
-53
64 - (211 - 64) - -94
11
What is 75 + (-87 - -79 - 46)?
21
What is the value of 32 + (5 - -2) + (-3 - (-10 + 15))?
31
Evaluate (-5 + 4 + 13 + -25 - -21) + -15 + 4.
-3
Calculate 2 - ((-5 - 10 - -9) + 16) - 0.
-8
-20 + 93 + (240 - 233) + (-10 - 0)
70
Calculate -67 - (15 + -9 - (-1 + (1 - -10))).
-63
What is the value of (-7 + 0 - (129 - 141)) + -66 + -8?
-69
Evaluate -49 + (2 - (-19 + -25 - 17)).
14
-17 + (-105 - -54) - -42
-26
What is the value of -57 - (-15 + 17 + -66)?
7
Calculate (-198 - -194) + (-7 - (1 - 1 - 0)) - 3.
-14
What is the value of (18 - 48) + 15 + 19?
4
-151 - (-237 + 71) - ((0 - 1) + 39)
-23
Calculate -16 + 9 + -103 + -2 + 1 - 1.
-112
What is the value of -18 - (10 + -1 + 2 + 189 + -212)?
-6
What is the value of -75 + (1 + -8 + -5 - (1 + -37))?
-51
-130 + 4 - (34 + (3 - 46))
-117
Evaluate (-10 - 1 - (1 + -10)) + (1 - -9).
8
What is the value of 11 - ((-42 - (-12 + 13)) + 98)?
-44
Calculate (-2 + 31 - (-62 + 75)) + (3 - 10).
9
Calculate (-156 - 183) + 353 - (1 - (2 + 31)).
46
Evaluate -90 + 0 - (-25 - (6 - 28) - 13).
-74
-273 + 460 + -204 - (2 - 2 - -68)
-85
What is the value of (-90 - -38) + 54 + 1?
3
Evaluate -87 + (-1 - 0) + 2 + 2 + -304 + 311.
-77
What is -92 + 48 - (10 + 2) - 27?
-83
What is the value of -14 + 124 + (-41 + -7 - -59)?
121
88 + -275 + 105 - (-2 + 2 + -7 + 2)
-77
(-33 - -47) + 16 - 7 - (2 + 1)
20
What is the value of 94 - ((1 - -32) + -515 + 491)?
85
Calculate (90 - 184) + 183 + -146.
-57
Calculate -9 + (-10 - (-10 - 34)) + 34.
59
Calculate 7 + 5 - (-92 + 119).
-15
What is the value of (61 + 11 - -9 - (-1 - -10)) + -12?
60
(26 - 30) + -23 - -73
46
Calculate -3 + 48 - 15 - -21.
51
134 - 149 - (-13 + (2 - -9) + -78)
65
What is (-4 - -96) + -153 + 122?
61
What is (16 - 132) + 235 + -117?
2
Evaluate -1305 + 1245 - (-1 + -55).
-4
Evaluate 42 + -60 + 6 + (0 - 12).
-24
245 + -269 - -119 - (-39 + 2)
132
Evaluate 4 + -24 + 0 + (-5 - 13 - -5).
-33
Calculate (4 - (-3 - 0)) + -6 + -61 + 35 + -19.
-44
Calculate -46 - 26 - -84 - (12 + 0) - (65 - 1).
-64
Calculate 8 - (-8 - -3 - 40).
53
Evaluate 4191 + -4195 - (-2 - ((1 - 1) + 23)).
21
Evaluate (213 - 220) + 22 + 10.
25
Evaluate -2 + 51 + (-15 + (9 - 3) + -13 - -10).
37
12 + 25 - (3 + (-14 - 26))
74
9 - (20 - 2 - 17 - -17)
-9
Calculate (-23 - (-41 - -74)) + 19.
-37
Calculate -45 - (39 - (30 + 26)).
-28
What is 26 + -10 + (64 + 0 - (21 - (27 + -2)))?
84
What is the value of 2122 + -2104 + (0 - 1)?
17
(-34 - (-22 + 18)) + 46 - (129 + 2)
-115
What is the value of -3 + -1 + 10 + 29 + (4 + -5 - -6)?
40
Calculate -24 + (16 - -3 - 32) - 30.
-67
What is the value of -12 - (-19 + (-21 - -20)) - -6 - 42?
-28
Calculate -2 + (-2 - -2) + (7 - 14) + (19 - 17).
-7
(6 - 26) + 0 - -15 - -12
7
What is the value of (-15 - 0) + 31 + (52 - 95)?
-27
Calculate (-219 - -148) + -17 + -28.
-116
What is -2 - 8 - -1 - (-4 + 25 - 29) - 80?
-81
What is -12 - (-5 + (0 - (4 + -6)) + (-2 - -9))?
-16
Calculate 53 + (-145 + 85 - 74).
-81
What is 22 - 0 - (-28 - 17 - -41)?
26
Evaluate -75 + 140 - 67 - (1 + -135 + -5 + 0).
137
Evaluate -59 - (52 + -17) - (5 - 1) - (-1 + 3).
-100
Evaluate -28 + (-82 - -116) + 2 + -14.
-6
Evaluate -48 + (-41 + 8 - -72) - (-63 + 1 + 1).
52
Calculate (2 - 13) + 25 + -84 + 60.
-10
What is 0 + -2 + -14 + (-105 - (-264 + 178))?
-35
Evaluate -11 + 18 + (-17 - (3 - 9)).
-4
Evaluate (-18 - (11 + -5 + -14) - -36) + -8.
18
What is the value of 10 - (54 - 10) - -38?
4
What is the value of (-24 - (-12 + -1) - 79 - -4) + (7 - -5)?
-74
What is the value of 105 - (67 + 55) - (-103 - (0 + -1))?
85
(25 - 48) + 27 - (-4 - -12) - (-34 + -17)
47
What is -129 - (-67 + (-18 - -41 - -14))?
-99
3 + -13 + 6 + 77 + 9 - -6 - 1
87
What is the value of -14 + (9 + -3 - (49 - 62))?
5
Calculate -1 + 12 + 7 + 4 - (-5 - (-6 + 4)).
25
What is 22 + -5 + 6 - (3 + (-3 - -3))?
20
What is the value of 7 - 23 - ((-3 - (-12 + 16)) + 13)?
-22
-48 - (-36 - (-53 + 40))
-25
What is -58 - (131 + -181 - 37)?
29
What is the value of 111 + -18 + 8 + 3 + 10 + -21?
93
Calculate -12 + -64 + 36 + 23 + (1 - (4 - 1)).
-19
Calculate (-34 + (-30 - -38) - 20) + 1.
-45
Evaluate (-78 - 197 - -203) + -1 + 31.
-42
Evaluate 18 + -10 + (-31 - -37).
14
-4 + (7 - -6) - (28 + 2 + -34)
13
Evaluate 13 + 33 + -15 - (-23 - -7).
47
What is (57 - (-43 + 22)) + (3 + -2 - (26 - 20))?
73
What is -51 + -1 + (-56 - (-26 + -38))?
-44
What is the value of (-5 + (8 - 1) + -10 - 12) + -119?
-139
What is the value of -7 + -1 + 39 + -27 + (46 - 28) + -25?
-3
Calculate 56 - 6 - (-83 - -89 - (-2 - 6)).
36
118 - 121 - (-12 + -2 + 3) - (-56 + 1)
63
What is the value of 59 + -47 + -109 + 106?
9
Calculate (-5 - -9) + -2 + -29 + (-44 - -83).
12
7 + (17 - (24 + 2 - -23))
-25
Calculate 16 - ((34 - 36) + (3 - (-5 + 3 + 1))).
14
(-207 - -252) + (1 - -2 - -5) + (-9 - -5)
49
What is the value of (11 + -19 + 10 - -11) + -20 + -15?
-22
Calculate (-33 - -29) + -10 + -12 - 43.
-69
-37 + (-13 - (-27 + 10 + -41))
8
What is the value of 9 + -9 + 6 + 9 + 12?
27
Calculate (-427 - -445) + 0 + -18 + -49 + 1.
-48
(16 - (0 - -12)) + 2 + 33 + (-2 - -5)
42
Calculate (10 - -2) + (-31 - -27) + (41 - -73).
122
118 + -168 - -136 - 147
-61
Calculate -4 - -13 - (33 + 1 - (29 - 11)).
-7
What is the value of 1 - 6 - 33 - (-5 + (6 - (-6 - -5)))?
-40
Calculate -622 + 619 + (1 - -1) + 12.
11
Calculate 5 - 17 - -12 - (-4 + (11 - 5)) - 21.
-23
What is -20 + 23 - (10 - 4 - -42)?
-45
Evaluate (0 - 5) + -14 - -17 - (-1 - -6) - 103.
-110
(0 - 5) + (-4 - -11) + 27 + -25
4
What is (0 - 43) + (-13 - 76 - -94)?
-38
Calculate (1 - 8) + -561 + 549 + 18 - 130.
-131
What is the value of (-5 - (14 + -13)) + (-4 - 17)?
-27
Calculate (92 - 25) + 23 + -31.
59
What is the value of 16 + -19 - (-7 - (-5 + (2 - 9))) - -30?
22
What is (-1 - -2) + 41 + 42 + -10 + -10?
64
Evaluate 11 + (-23 - -45 - -6 - 9).
30
What is 74 + -76 + 38 + -104?
-68
(-137 - -148 - (-8 - -1)) + -6 + 25
37
Evaluate 25 + -1 + (14 - 46) + 17.
9
Evaluate -74 - -1 - (212 - (58 - -162)).
-65
Evaluate 25 + 2 - (-1 + 8 - (-3 + 26)).
43
What is 18 - (-12 - (-44 - -50))?
36
Calculate 141 - (129 + -38 + -39).
89
Evaluate -93 + (50 - (-22 + 20)).
-41
Evaluate 70 + (-133 - 20) + 27.
-56
What is (-93 - (31 - (3 - -27))) + 1 + -20?
-113
What is the value of -14 - (-19 + 7 + -11 + 1)?
8
What is the value of 16 - ((4 - 34) + 0 + 79 + -75)?
42
Calculate 64 + (-102 - 2) - (12 - -1).
-53
What is the value of -40 - (-108 + 132) - -159?
95
What is the value of -217 + (73 + -185 - -232)?
-97
Calculate 7 + -2 + 3 + -5 - (-21 + (-28 - -171)).
-119
Calculate 37 - ((-2 - -6) + (3 + 16 - 27)).
41
20 + -2 + -30 + -202 + 270
56
Calculate -85 - (0 + 1) - (29 + (-92 - (14 + -71))).
-80
Calculate -10 + (2 - (-1 + 3 - -2)) + 36.
24
What is the value of 35 - (-3 - -6 - (-31 - -41))?
42
Evaluate (-8 + 10 - -7) + -1 + -125 + 165.
48
(58 - (-11 - (-12 - (1 - -3)))) + -6
47
Calculate (12 - (48 - 6) - -7 - 11) + 3.
-31
Evaluate -7 + (1 - -1) + 35 + 31 + -53.
8
Evaluate (39 - 0) + -19342 + 19352.
49
-15 + 5 + 3 - -12 - (1 - -1)
3
What is 11 - (9 + (-15 - 0) + -4 - (0 - 20))?
1
Evaluate (-5 - 10) + -7 + (17 - 3) + -4.
-12
Evaluate (-237 - -330) + (1 - -2) + (0 - 7) + 3.
92
Evaluate 48 - (-9 + -3 + 8 + (-19 - -18)).
53
What is the value of 229 + -232 - (-5 - -1 - (0 + 2))?
3
Evaluate -32 - (-105 + 68 + -43).
48
Calculate -9 + 36 + 8 + 20 + -20 + 6.
41
Evaluate (-2 - (6 - 7 - (12 - 2))) + (73 - 54).
28
Calculate (-3446 - -3499) + 0 + -29 + -2.
22
What is -1316 - -1197 - (-47 + 1)?
-7